der when ((-175)/i + -3)*63/(-12) is divided by 34?
9
Suppose -106*k + 9878 = -145094. Calculate the remainder when k is divided by 245.
237
Let b(c) = c**3 + 13*c**2 - c - 13. Let j be b(-13). Let w be (j + (-372)/(-3))/2. Let r = 116 - w. Calculate the remainder when r is divided by 8.
6
Suppose -2*q - n + 23 = 0, -10*n + 6*n = -5*q + 38. Suppose 0 = r + 3*m + q - 64, 3*r - 5*m = 134. Calculate the remainder when r is divided by 10.
8
Let s(m) = m**3 + 21*m**2 - 16*m + 434. What is the remainder when 996 is divided by s(-22)?
90
Let f = 219 - 137. Suppose -2*u - 3*u - 2*i = f, 2*u + 4*i + 20 = 0. Let s = 36 + u. What is the remainder when s is divided by 7?
4
Suppose -4*d - 5*l = -43, 0 = 4*d - l + 5*l - 44. Suppose 2*n = m + 36, -4*n - 78 = 3*m - 0*n. Let v = 77 + m. What is the remainder when v is divided by d?
11
Let l(q) = 29 - 12 + 8 + 2*q**2 + q. What is the remainder when 170 is divided by l(0)?
20
Let o = -175 + 175. Suppose -2*g + l + 385 = o, -l = 2*g - 0*l - 391. What is the remainder when g is divided by 65?
64
Suppose 17770 - 1831 = 253*w. Calculate the remainder when 160 is divided by w.
34
Suppose -2*y - 1836 + 580 = -4*c, -945 = -3*c + 3*y. What is the remainder when c is divided by 10?
3
Let p = 108 + -78. Suppose -5 = 4*l - 45. Calculate the remainder when (-2)/(2/1) - (p + -80) is divided by l.
9
Suppose -4*m = -46 + 6. Let a = -155482 + 155751. Calculate the remainder when a is divided by m.
9
Let q = -206 + 206. Suppose -24*l - 31 + 319 = q. Let m(s) = 35*s + 1. Calculate the remainder when m(2) is divided by l.
11
Let q = 5099 - 4267. Calculate the remainder when q is divided by 30.
22
Suppose 25 = x + 3. Suppose -x = -17*l + 16*l. Let u = -19 + l. What is the remainder when u is divided by 2?
1
Let b(s) = s**3 - 87*s**2 + 80*s + 585. Calculate the remainder when b(86) is divided by 33.
3
Suppose -11*x - 6248 = -99*x. Let m(w) = w**2 - 5*w + 5. What is the remainder when x is divided by m(7)?
14
Suppose 0 = q - 18*k + 19*k - 38, 5*q = 4*k + 172. What is the remainder when 621 is divided by q?
9
Suppose p - 9 = -2. Suppose 0 = -p*b + 6*b + 46. Calculate the remainder when b is divided by 6.
4
Suppose -45*d + 162*d - 18528 = -76*d. Let r = -8 - -7. Calculate the remainder when d is divided by (1/r)/1*-33.
30
Let a(s) = s**3 - 8*s**2 + 7*s + 5. Let z be a(7). Suppose 11*g = -z*g + 320. Let j(v) = 28*v + 2. What is the remainder when j(2) is divided by g?
18
Suppose 10*y - 16*y - 1014 = 0. Let o = -163 - y. What is the remainder when 59 is divided by o?
5
Let i = -2198 + 2568. Calculate the remainder when i is divided by 286.
84
Let g(a) = -a + 26. Calculate the remainder when 2676 is divided by g(13).
11
Suppose 153071 = 370*b + 8771. What is the remainder when b is divided by 380?
10
Let k = 10255 + -10239. What is the remainder when k is divided by 9?
7
Suppose -u + 181 = 3*y, -2*y + 95 = u - 27. What is the remainder when y is divided by 22?
15
Let b be (1 + (-5 - -8))/((-12)/(-27)). Suppose 0 = b*p - 8*p - 3. What is the remainder when 25 is divided by p?
1
Let k(h) = 3*h**2 + 8*h. Let r be k(-6). Let n(v) = -v**3 + v**2 + 2. Let g be n(-2). Suppose 18*q = g*q + r. Calculate the remainder when 59 is divided by q.
14
Let d(i) = 3*i**3 + 50*i**2 - 880*i + 34. Calculate the remainder when 3594 is divided by d(-27).
9
Let x = -1064 + 1054. Let f(q) = q**3 + q + 44. Calculate the remainder when f(0) is divided by 1 + 10/2*(-8)/x.
4
Let a = 15 + 8. Suppose -i = 18 - a. Let c(q) = -q**3 + 9*q**2 + 3. What is the remainder when i is divided by c(9)?
2
Let c(v) = 103*v**3 + v**2 + v - 1. Let k be c(1). Suppose k = -14*z + 342. Calculate the remainder when 152 is divided by z.
16
Suppose -2990 - 1322 = 4*x - 12*x. What is the remainder when x is divided by 12?
11
Suppose 15*t = 40*t - 42*t + 1071. What is the remainder when t is divided by 31?
1
Let w(i) = 4*i**2 + 108*i - 189. What is the remainder when 3947 is divided by w(-29)?
34
Suppose -5*f + 128 = -77. Suppose 95*i = 90*i - v + 148, -4*v + 157 = 5*i. What is the remainder when f is divided by i?
12
Let s(z) = z**2 - 2*z + 6. Let q be s(0). Let o be (15/9)/(2/q). What is the remainder when 46/5 - 1/o is divided by 5?
4
Suppose 0 = 8*t - 2*t - 270. Let y = -231 - -360. Calculate the remainder when y is divided by t.
39
Let r be (2/7)/((-4)/(-14))*88. Suppose -5*d + 180 = -5*l, 2*l - r = -11*d + 8*d. What is the remainder when 88 is divided by d?
24
Let z = -35 - -53. Suppose -z*f + 3323 = 569. What is the remainder when f is divided by 14?
13
Suppose 79 = 12*n + 55. Let a(y) = -y**2 + 7*y + 4. Let c be a(7). Suppose 0*s = -c*s + 12. What is the remainder when s is divided by n?
1
Let w(z) = -21*z + 3. Let r be w(0). Suppose -5*u - 4*q = -r*u - 254, -3 = q. Calculate the remainder when u is divided by 15.
13
Suppose -x + 5*b + 42 = 2*b, 5*x + 4*b - 134 = 0. Let d = -1021 - -1079. What is the remainder when d is divided by x?
28
Suppose 3*b - 4 = h - 2*h, -2*h = -2*b. Let l be b + -3 + 214/(-2). Let f = 214 + l. Calculate the remainder when f is divided by 18.
15
Let w(z) = z**2 - 23*z + 36. Let k be (8/(-12))/(10/69)*-5. Calculate the remainder when 157 is divided by w(k).
13
Let k be (-66)/(-44) - 2922/(-4). Let a = k + -569. What is the remainder when a is divided by 83?
80
Let z = -2060 + 2096. Calculate the remainder when 318 is divided by z.
30
Let t(d) = 36*d**3 + 12*d**2 + 43*d - 93. What is the remainder when t(2) is divided by 268?
61
Let a be (-24)/(-16) - 45/6. Calculate the remainder when 3 is divided by (-81)/18*4/a.
0
Suppose 3*s + 10*q = 15*q + 130, -s = -4*q - 69. Suppose -3*a - 4*x + 49 + 41 = 0, -2*a = 2*x - 60. Calculate the remainder when a is divided by s.
5
Calculate the remainder when 7535 is divided by 12/(-3)*(-4867)/124.
156
Suppose -46*t + 688 = -3*t. Calculate the remainder when 2/(-4 - 306/(-76)) is divided by t.
12
Suppose -2*w - 672 = -5*k, 2*w = -4*k + 7*k - 400. What is the remainder when k is divided by 42?
10
Let f be ((-56)/(-2))/(2/21). Let x = f - 252. Calculate the remainder when 116 is divided by x.
32
Suppose 15*z = 5*m + 14*z - 3669, 0 = m - z - 729. Calculate the remainder when m is divided by 62.
53
Suppose 0 = 2*f - 2*p - 38, 0 = -31*f + 33*f - 5*p - 59. Let h(k) = 17*k**3 + k - 1. What is the remainder when h(1) is divided by f?
5
Suppose -3*l = 4*y - 1603, -26*y + 2149 = 4*l - 23*y. Calculate the remainder when l is divided by 211.
119
Suppose 15*h + 25262 = -2*h. Calculate the remainder when 282 is divided by h/(-26) + 40/(-260).
54
Suppose -x - g = -55, -70 = 2*g - 58. What is the remainder when x is divided by 21?
19
Suppose -9*k - 5*r + 245 = 0, -11*r = 4*k - 16*r - 80. Let p be 2 - (201 - (3 + -2)). Calculate the remainder when (-2)/4 + p/(-4) is divided by k.
24
Suppose -4*j = -270 + 30. Suppose 3*t + 21 = j. Suppose p = -4*i + 39 - 2, 2*i = p - 37. Calculate the remainder when p is divided by t.
11
Let r(a) = -25*a + 185. Let f(c) = -c**2 + 17*c - 13. Calculate the remainder when f(12) is divided by r(7).
7
What is the remainder when (-4)/6 + 94 + 1302 - 2/(-3) is divided by 202?
184
Let c(q) = 128*q**2 + 10 + 123*q**2 - 4*q - 250*q**2. What is the remainder when 55 is divided by c(0)?
5
Let r(j) = j**3 - 5*j**2 + 3. Let v be r(5). Suppose v = z, -2*w - z = -71 + 22. What is the remainder when 39 is divided by w?
16
Calculate the remainder when 651 + (-28)/(-2)*(-2)/(-4) is divided by 22.
20
Let k = 120 - 58. Suppose -5*d - 4*w + k + 90 = 0, 5*d = 4*w + 168. Suppose -9*b + d + 49 = 0. What is the remainder when 96 is divided by b?
6
Suppose 448 = -12*h + 28*h. Let m = h + 58. Suppose 88 = 5*i - i - v, -5*i - 3*v = -127. Calculate the remainder when m is divided by i.
17
Let p = -42 - -231. Let j = -763 - -769. Suppose -a - 190 = -j*a. What is the remainder when p is divided by a?
37
Let g = 164 + -162. Suppose -145 = -5*m + 5*b, 25 - 163 = -5*m - g*b. Calculate the remainder when 35 is divided by m.
7
Let h be 14/168 - (-2949)/36. Let s = h - 48. Calculate the remainder when s is divided by 21.
13
Suppose 132*h + 30976 = -136*h + 284*h. Calculate the remainder when h is divided by 20.
16
Let q(s) = s**2 - 97*s + 528. Calculate the remainder when q(94) is divided by 44.
26
Let f(y) = 18*y**2 + 154*y + 982. Calculate t